{"id":170,"date":"2024-12-11T09:34:07","date_gmt":"2024-12-11T09:34:07","guid":{"rendered":"https:\/\/estudiosretiro.com\/?page_id=170"},"modified":"2024-12-19T19:52:08","modified_gmt":"2024-12-19T19:52:08","slug":"elena-nunez","status":"publish","type":"page","link":"https:\/\/estudiosretiro.com\/index.php\/elena-nunez\/","title":{"rendered":"Elena N\u00fa\u00f1ez"},"content":{"rendered":"\n<div style=\"height:50px\" aria-hidden=\"true\" class=\"wp-block-spacer\"><\/div>\n\n\n\n<div class=\"wp-block-columns is-layout-flex wp-container-core-columns-is-layout-28f84493 wp-block-columns-is-layout-flex\">\n<div class=\"wp-block-column is-layout-flow wp-block-column-is-layout-flow\" style=\"flex-basis:66.66%\">\n<figure class=\"wp-block-image size-large\"><img loading=\"lazy\" decoding=\"async\" width=\"819\" height=\"1024\" src=\"http:\/\/estudiosretiro.com\/wp-content\/uploads\/2024\/12\/elena_nunez-819x1024.jpg\" alt=\"\" class=\"wp-image-171\" srcset=\"https:\/\/estudiosretiro.com\/wp-content\/uploads\/2024\/12\/elena_nunez-819x1024.jpg 819w, https:\/\/estudiosretiro.com\/wp-content\/uploads\/2024\/12\/elena_nunez-240x300.jpg 240w, https:\/\/estudiosretiro.com\/wp-content\/uploads\/2024\/12\/elena_nunez-768x960.jpg 768w, https:\/\/estudiosretiro.com\/wp-content\/uploads\/2024\/12\/elena_nunez.jpg 1080w\" sizes=\"auto, (max-width: 819px) 100vw, 819px\" \/><\/figure>\n<\/div>\n\n\n\n<div class=\"wp-block-column is-layout-flow wp-block-column-is-layout-flow\" style=\"flex-basis:33.33%\">\n<h5 class=\"wp-block-heading\"><strong>Elena N\u00fa\u00f1ez<\/strong> <a href=\"https:\/\/www.instagram.com\/elena_nunezmallen\/\" data-type=\"link\" data-id=\"https:\/\/www.instagram.com\/elena_nunezmallen\/\">@elena_nunezmallen<\/a><\/h5>\n\n\n\n<p><br>Graduada en Bellas Artes por la Universidad de Sevilla en el a\u00f1o 2020. En el a\u00f1o 2021 se traslada a Bilbao para cursar el M\u00e1ster Universitario en Pintura que ofrece la Universidad del Pa\u00eds Vasco.<\/p>\n\n\n\n<p>Su trabajo es consecuencia de un deseo de pintar que se origina en la cotidianidad. El encuentro con determinados elementos anecd\u00f3ticos que le fascinan en su presencia latente en su entorno supone una especie de \u201cmacguffin\u201d que le permite comenzar a desarrollar una trama, a formular una operaci\u00f3n.<\/p>\n\n\n\n<p>Esos primeros motivos que dan pie a empezar a pensar en pintura son fotografiados e impresos, de manera que este material se va acumulando poco a poco en el estudio. La disciplina no se acota a una representaci\u00f3n mim\u00e9tica de esas fotograf\u00edas, sino que las im\u00e1genes capturadas act\u00faan de forma diversa dentro de un proceso abierto en el que la artista comienza a descubrir relaciones inesperadas entre ellas.<\/p>\n\n\n\n<p>En su trabajo, Elena entiende cada obra como una operaci\u00f3n que va resolvi\u00e9ndose con el encuentro de pautas que conectan los elementos originarios. Pautas que, en su mayor\u00eda, surgen de la trasposici\u00f3n de dichos elementos y que son consecuencia de una necesidad de autoconocimiento por intentar comprender la relaci\u00f3n que establece con su contexto vital.<\/p>\n\n\n\n<p>Su trabajo ha sido expuesto recientemente en la galer\u00eda Birimbao, en Sevilla, donde ha realizado su primera exposici\u00f3n individual, por la que recibi\u00f3 el Premio Residencia del Centro de Arte Piramid\u00f3n. Adem\u00e1s ha expuesto en algunas instituciones como la sede de las Juntas Generales de Bizkaia, (Bilbao, 2022), la Fundaci\u00f3n Valent\u00edn de Madariaga y Oya (Sevilla, 2023) y la Fundaci\u00f3n Unicaja (Sevilla, 2024) entre otras. Tambi\u00e9n ha sido premiada en la X edici\u00f3n del Premio de Pintura de la Universidad Internacional de Andaluc\u00eda (Sevilla, 2023) y finalista en la XXIX edici\u00f3n del Certamen Europeo de Artes Pl\u00e1sticas de la Universidad de Sevilla.<\/p>\n\n\n\n<p>Su obra forma parte de la colecci\u00f3n de las Juntas Generales de Vizcaya, de la Universidad de Sevilla y la Universidad Internacional de Andaluc\u00eda.<\/p>\n\n\n\n<p><\/p>\n<\/div>\n<\/div>\n\n\n\n<p><\/p>\n","protected":false},"excerpt":{"rendered":"<p>Elena N\u00fa\u00f1ez @elena_nunezmallen Graduada en Bellas Artes por la Universidad de Sevilla en el a\u00f1o 2020. En el a\u00f1o 2021 [&hellip;]<\/p>\n","protected":false},"author":1,"featured_media":0,"parent":0,"menu_order":0,"comment_status":"closed","ping_status":"closed","template":"","meta":{"site-sidebar-layout":"default","site-content-layout":"","ast-site-content-layout":"","site-content-style":"default","site-sidebar-style":"default","ast-global-header-display":"","ast-banner-title-visibility":"","ast-main-header-display":"","ast-hfb-above-header-display":"","ast-hfb-below-header-display":"","ast-hfb-mobile-header-display":"","site-post-title":"disabled","ast-breadcrumbs-content":"","ast-featured-img":"","footer-sml-layout":"","theme-transparent-header-meta":"","adv-header-id-meta":"","stick-header-meta":"","header-above-stick-meta":"","header-main-stick-meta":"","header-below-stick-meta":"","astra-migrate-meta-layouts":"default","ast-page-background-enabled":"default","ast-page-background-meta":{"desktop":{"background-color":"var(--ast-global-color-4)","background-image":"","background-repeat":"repeat","background-position":"center center","background-size":"auto","background-attachment":"scroll","background-type":"","background-media":"","overlay-type":"","overlay-color":"","overlay-opacity":"","overlay-gradient":""},"tablet":{"background-color":"","background-image":"","background-repeat":"repeat","background-position":"center center","background-size":"auto","background-attachment":"scroll","background-type":"","background-media":"","overlay-type":"","overlay-color":"","overlay-opacity":"","overlay-gradient":""},"mobile":{"background-color":"","background-image":"","background-repeat":"repeat","background-position":"center center","background-size":"auto","background-attachment":"scroll","background-type":"","background-media":"","overlay-type":"","overlay-color":"","overlay-opacity":"","overlay-gradient":""}},"ast-content-background-meta":{"desktop":{"background-color":"var(--ast-global-color-5)","background-image":"","background-repeat":"repeat","background-position":"center center","background-size":"auto","background-attachment":"scroll","background-type":"","background-media":"","overlay-type":"","overlay-color":"","overlay-opacity":"","overlay-gradient":""},"tablet":{"background-color":"var(--ast-global-color-5)","background-image":"","background-repeat":"repeat","background-position":"center center","background-size":"auto","background-attachment":"scroll","background-type":"","background-media":"","overlay-type":"","overlay-color":"","overlay-opacity":"","overlay-gradient":""},"mobile":{"background-color":"var(--ast-global-color-5)","background-image":"","background-repeat":"repeat","background-position":"center center","background-size":"auto","background-attachment":"scroll","background-type":"","background-media":"","overlay-type":"","overlay-color":"","overlay-opacity":"","overlay-gradient":""}},"footnotes":""},"class_list":["post-170","page","type-page","status-publish","hentry"],"_links":{"self":[{"href":"https:\/\/estudiosretiro.com\/index.php\/wp-json\/wp\/v2\/pages\/170","targetHints":{"allow":["GET"]}}],"collection":[{"href":"https:\/\/estudiosretiro.com\/index.php\/wp-json\/wp\/v2\/pages"}],"about":[{"href":"https:\/\/estudiosretiro.com\/index.php\/wp-json\/wp\/v2\/types\/page"}],"author":[{"embeddable":true,"href":"https:\/\/estudiosretiro.com\/index.php\/wp-json\/wp\/v2\/users\/1"}],"replies":[{"embeddable":true,"href":"https:\/\/estudiosretiro.com\/index.php\/wp-json\/wp\/v2\/comments?post=170"}],"version-history":[{"count":3,"href":"https:\/\/estudiosretiro.com\/index.php\/wp-json\/wp\/v2\/pages\/170\/revisions"}],"predecessor-version":[{"id":227,"href":"https:\/\/estudiosretiro.com\/index.php\/wp-json\/wp\/v2\/pages\/170\/revisions\/227"}],"wp:attachment":[{"href":"https:\/\/estudiosretiro.com\/index.php\/wp-json\/wp\/v2\/media?parent=170"}],"curies":[{"name":"wp","href":"https:\/\/api.w.org\/{rel}","templated":true}]}}