{"id":155,"date":"2024-12-10T17:23:20","date_gmt":"2024-12-10T17:23:20","guid":{"rendered":"https:\/\/estudiosretiro.com\/?page_id=155"},"modified":"2025-06-01T10:42:24","modified_gmt":"2025-06-01T10:42:24","slug":"alexis-sanchez","status":"publish","type":"page","link":"https:\/\/estudiosretiro.com\/index.php\/alexis-sanchez\/","title":{"rendered":"Alexis S\u00e1nchez"},"content":{"rendered":"\n<div style=\"height:50px\" aria-hidden=\"true\" class=\"wp-block-spacer\"><\/div>\n\n\n\n<div class=\"wp-block-columns is-layout-flex wp-container-core-columns-is-layout-28f84493 wp-block-columns-is-layout-flex\">\n<div class=\"wp-block-column is-layout-flow wp-block-column-is-layout-flow\" style=\"flex-basis:66.66%\">\n<figure class=\"wp-block-image size-large\"><img loading=\"lazy\" decoding=\"async\" width=\"820\" height=\"1024\" src=\"https:\/\/estudiosretiro.com\/wp-content\/uploads\/2024\/12\/alexis_sanchez-820x1024.jpg\" alt=\"\" class=\"wp-image-156\" srcset=\"https:\/\/estudiosretiro.com\/wp-content\/uploads\/2024\/12\/alexis_sanchez-820x1024.jpg 820w, https:\/\/estudiosretiro.com\/wp-content\/uploads\/2024\/12\/alexis_sanchez-240x300.jpg 240w, https:\/\/estudiosretiro.com\/wp-content\/uploads\/2024\/12\/alexis_sanchez-768x959.jpg 768w, https:\/\/estudiosretiro.com\/wp-content\/uploads\/2024\/12\/alexis_sanchez.jpg 1080w\" sizes=\"auto, (max-width: 820px) 100vw, 820px\" \/><\/figure>\n<\/div>\n\n\n\n<div class=\"wp-block-column is-layout-flow wp-block-column-is-layout-flow\" style=\"flex-basis:33.33%\">\n<h5 class=\"wp-block-heading\"><strong>Alexis S\u00e1nchez<\/strong> <a href=\"https:\/\/www.instagram.com\/_sanchezalexis_\/\" data-type=\"link\" data-id=\"https:\/\/www.instagram.com\/_sanchezalexis_\/\">@_sanchezalexis_<\/a><\/h5>\n\n\n\n<p>(Huelva, 1997)<br>Artista pl\u00e1stico. Vive y trabaja en Sevilla. Graduado en bellas artes por la Universidad de Sevilla y egresado de la facultad de bellas artes de M\u00e1laga tras cursar el m\u00e1ster de producci\u00f3n art\u00edstica interdisciplinar. Considerando una infancia agitada, Alexis realiza una investigaci\u00f3n, desde el punto de vista autobiogr\u00e1fico, en la que identifica qu\u00e9 elementos le han permitido generar una identidad particular a lo largo del tiempo. El desarrollo de este car\u00e1cter genuino existe gracias al imaginario procedente de internet, que poco a poco se ha ido abriendo paso en su vida hasta el punto de \u201cinvadir\u201d su propia habitaci\u00f3n. <\/p>\n\n\n\n<p>El proceso creativo personal de Alexis se basa casi exclusivamente en el apartado autorreferencial, donde hace uso de la experiencia individual subjetiva a la vez que utiliza una iconograf\u00eda con la que, hoy en d\u00eda, se identifican los j\u00f3venes, como el manga y el anime. Su obra art\u00edstica (seg\u00fan el propio artista) a\u00fan est\u00e1 encontrando su propio color, en ella no hay una definici\u00f3n de la identidad en s\u00ed, sino que transmite un mensaje a trav\u00e9s de un estado de confusi\u00f3n en el que no hay una sintaxis clara. Hay signos, pero no palabras que descifrar. Lo hace mezclando los registros del dibujo figurativo m\u00e1s acad\u00e9mico con las pinturas m\u00e1s planas, combinando tradici\u00f3n y contemporaneidad, dando como resultado una especie de collage. Alexis dispone las figuras creando un espacio ficticio en el que se aprecia un impedimento para la narraci\u00f3n, como se puede reconocer, \u00e9stas se entremezclan con personajes y simbolog\u00eda del arte y la cultura popular. <\/p>\n\n\n\n<p>En resumen, su principal objetivo es exponer la liquidez existente entre el mundo virtual y el real, donde los autorretratos cobran vital importancia, ya que constituyen una parodia de la vida misma.<\/p>\n\n\n\n<p><\/p>\n<\/div>\n<\/div>\n","protected":false},"excerpt":{"rendered":"<p>Alexis S\u00e1nchez @_sanchezalexis_ (Huelva, 1997)Artista pl\u00e1stico. Vive y trabaja en Sevilla. Graduado en bellas artes por la Universidad de Sevilla [&hellip;]<\/p>\n","protected":false},"author":1,"featured_media":0,"parent":0,"menu_order":0,"comment_status":"closed","ping_status":"closed","template":"","meta":{"site-sidebar-layout":"default","site-content-layout":"","ast-site-content-layout":"","site-content-style":"default","site-sidebar-style":"default","ast-global-header-display":"","ast-banner-title-visibility":"","ast-main-header-display":"","ast-hfb-above-header-display":"","ast-hfb-below-header-display":"","ast-hfb-mobile-header-display":"","site-post-title":"disabled","ast-breadcrumbs-content":"","ast-featured-img":"","footer-sml-layout":"","theme-transparent-header-meta":"","adv-header-id-meta":"","stick-header-meta":"","header-above-stick-meta":"","header-main-stick-meta":"","header-below-stick-meta":"","astra-migrate-meta-layouts":"default","ast-page-background-enabled":"default","ast-page-background-meta":{"desktop":{"background-color":"var(--ast-global-color-4)","background-image":"","background-repeat":"repeat","background-position":"center center","background-size":"auto","background-attachment":"scroll","background-type":"","background-media":"","overlay-type":"","overlay-color":"","overlay-opacity":"","overlay-gradient":""},"tablet":{"background-color":"","background-image":"","background-repeat":"repeat","background-position":"center center","background-size":"auto","background-attachment":"scroll","background-type":"","background-media":"","overlay-type":"","overlay-color":"","overlay-opacity":"","overlay-gradient":""},"mobile":{"background-color":"","background-image":"","background-repeat":"repeat","background-position":"center center","background-size":"auto","background-attachment":"scroll","background-type":"","background-media":"","overlay-type":"","overlay-color":"","overlay-opacity":"","overlay-gradient":""}},"ast-content-background-meta":{"desktop":{"background-color":"var(--ast-global-color-5)","background-image":"","background-repeat":"repeat","background-position":"center center","background-size":"auto","background-attachment":"scroll","background-type":"","background-media":"","overlay-type":"","overlay-color":"","overlay-opacity":"","overlay-gradient":""},"tablet":{"background-color":"var(--ast-global-color-5)","background-image":"","background-repeat":"repeat","background-position":"center center","background-size":"auto","background-attachment":"scroll","background-type":"","background-media":"","overlay-type":"","overlay-color":"","overlay-opacity":"","overlay-gradient":""},"mobile":{"background-color":"var(--ast-global-color-5)","background-image":"","background-repeat":"repeat","background-position":"center center","background-size":"auto","background-attachment":"scroll","background-type":"","background-media":"","overlay-type":"","overlay-color":"","overlay-opacity":"","overlay-gradient":""}},"footnotes":""},"class_list":["post-155","page","type-page","status-publish","hentry"],"_links":{"self":[{"href":"https:\/\/estudiosretiro.com\/index.php\/wp-json\/wp\/v2\/pages\/155","targetHints":{"allow":["GET"]}}],"collection":[{"href":"https:\/\/estudiosretiro.com\/index.php\/wp-json\/wp\/v2\/pages"}],"about":[{"href":"https:\/\/estudiosretiro.com\/index.php\/wp-json\/wp\/v2\/types\/page"}],"author":[{"embeddable":true,"href":"https:\/\/estudiosretiro.com\/index.php\/wp-json\/wp\/v2\/users\/1"}],"replies":[{"embeddable":true,"href":"https:\/\/estudiosretiro.com\/index.php\/wp-json\/wp\/v2\/comments?post=155"}],"version-history":[{"count":3,"href":"https:\/\/estudiosretiro.com\/index.php\/wp-json\/wp\/v2\/pages\/155\/revisions"}],"predecessor-version":[{"id":250,"href":"https:\/\/estudiosretiro.com\/index.php\/wp-json\/wp\/v2\/pages\/155\/revisions\/250"}],"wp:attachment":[{"href":"https:\/\/estudiosretiro.com\/index.php\/wp-json\/wp\/v2\/media?parent=155"}],"curies":[{"name":"wp","href":"https:\/\/api.w.org\/{rel}","templated":true}]}}